. Calculate the highest common divisor of 16 and a.
16
Suppose 5*j - 221 = d - 36, 119 = 4*j + 5*d. Calculate the highest common divisor of j and 228.
12
Let o(h) = h**2 + 6*h + 9. Let j be o(-5). Suppose 0 = -5*g + l - 21 + 177, 12 = 3*l. What is the highest common divisor of g and j?
4
Let m(j) = 13*j**2 - 4*j - 4. Let z be m(-4). Let u = -24 - -44. Calculate the highest common factor of z and u.
20
Let v be (-16 - -4)*(-5 + 27/6). Calculate the greatest common divisor of 16 and v.
2
Let h = 920 + -833. Calculate the greatest common divisor of h and 1479.
87
Let v(b) = -11 + 785*b**2 - 27*b - 788*b**2 - 1. Let q be v(-8). Calculate the highest common factor of 60 and q.
12
Suppose 13*o - 132 = 11*o. What is the highest common factor of o and 297?
33
Let l be (-4068)/(-225) + -3*4/150. Suppose 2*a = 5*a - 54. Calculate the greatest common factor of a and l.
18
Let u = 459 - 39. What is the highest common factor of u and 36?
12
Let h be (6/4)/((-1)/(-10)). Suppose 2*s = -5*r - 10, 0 = -2*r - s + 3*s - 4. Let d be ((-5)/2)/(1/r). What is the greatest common divisor of h and d?
5
Suppose -3*j - 135 = -12*j. Suppose -4*y + 3*y = -j. Calculate the greatest common factor of y and 45.
15
Suppose 9742 = 57*o - 4109. What is the greatest common divisor of 108 and o?
27
Suppose 0 = -5*f + f. Suppose -2*t - 106 = r, f = -5*r + 3*r - t - 209. Let d = r - -153. What is the greatest common factor of d and 7?
7
Let d(f) = f**3 - 3*f**2 + f + 2. Suppose 0 = 13*k - 12*k - 4. Let w be d(k). What is the greatest common factor of w and 33?
11
Let h(d) = -d**2 - 7*d - 5. Let n be h(-4). Suppose -j + 1 = -n. Let u = 8 + j. What is the greatest common divisor of 128 and u?
16
Let x = 1075 + -1027. What is the highest common divisor of 294 and x?
6
Let o(q) = 37*q + 11. Let k be o(12). Suppose -2*c - 271 = -3*h - c, 5*h = 5*c + k. What is the highest common divisor of 10 and h?
10
Let j = -209 - -229. Calculate the greatest common factor of j and 500.
20
Suppose 40*l - 3808 = 6*l. What is the greatest common factor of 14 and l?
14
Suppose 0 = 8*x - 4*x - b - 72, -3*x = -3*b - 63. Calculate the highest common factor of 102 and x.
17
Let s(n) = 2*n**2 - 27*n + 22. Let l be s(13). Calculate the highest common divisor of 153 and l.
9
Suppose -3*d - 2*d = -4*g + 385, -2*d = 5*g - 506. What is the highest common factor of 20 and g?
20
Suppose 44*f = 47*f - 1782. Suppose 9*y = -0 + f. What is the greatest common factor of y and 44?
22
Suppose -9 = 48*g - 50*g - 5*c, -4*g + 25 = 3*c. Suppose 149 = 5*q - 26. What is the highest common divisor of q and g?
7
Suppose 0 = l + 3*m - 9, -5*m + 1 = 4*l - 3*l. Let g(b) = -b**3 + 6*b**2 + 118*b + 76. Let c be g(-8). What is the greatest common factor of c and l?
7
Let m(t) = 35*t - 159. Let a be m(22). Calculate the highest common factor of 13 and a.
13
Suppose q + 320 - 1188 = 4*u, -823 = -q - 5*u. Calculate the greatest common divisor of q and 53.
53
Let b(i) = 28*i - 14. Let o be b(1). Let h = -304 + 430. What is the greatest common factor of o and h?
14
Suppose -5*h + 20 = 5*l, -l = -4*h - 3*l + 8. Suppose h = -4*q + 94 + 14. What is the highest common divisor of q and 243?
27
Let h be 164/3 - 4/6. Let n(z) = 1. Let w(b) = 2*b - 7. Let d(v) = -3*n(v) - w(v). Let x be d(-7). Calculate the highest common factor of x and h.
18
Let j(d) = d**2 - 4*d - 26. Let l be j(12). Suppose -13*f + l - 5 = 0. What is the greatest common divisor of 20 and f?
5
Let i = 23 + -15. Suppose -p - 1 + i = 0. Calculate the greatest common divisor of 63 and p.
7
Let j = 258 - 246. What is the highest common factor of j and 66?
6
Let x = 33 - 24. What is the highest common divisor of x and 801?
9
Let z = -9 + 12. Suppose 7 = m + z. Suppose 0 = -m*t - 4*p + 56, 3*t + 10 = 2*t + 5*p. Calculate the highest common divisor of t and 110.
10
Let l = -2 - -3. Suppose -37*t + 33 = -4*t. What is the greatest common factor of t and l?
1
Let r be (-5)/(-2) + 0 - 2/4. Suppose r*w = -10*w + 4140. Calculate the greatest common factor of w and 15.
15
Let n be 2 - ((-18)/15 + (-36)/(-30)). Calculate the highest common divisor of n and 1024.
2
Let y(a) = a**2 + 5*a + 5. Let t be y(-5). Let u = 82 + 201. Suppose -7*f + u = -32. Calculate the highest common factor of t and f.
5
Let h be 0 - (0 - 18)/(-1). Let w = h - -20. Let t = 7 + w. Calculate the highest common factor of 1 and t.
1
Let o(g) = g**3 + 3*g**2 + 2*g + 2. Let b be o(6). Calculate the greatest common divisor of b and 78.
26
Let y be -4 + (-10)/(-15)*(84 - 0). What is the greatest common factor of y and 884?
52
Suppose 0*l - l - 5*u = -4, -5*l + 20 = -u. Let b = l - -2. Suppose -58 = -2*v - 5*y, -3*y = -0*y - b. What is the highest common factor of v and 6?
6
Suppose -11*l = -6*l - 580. Let q = l + 185. Suppose -q + 49 = -3*n. Calculate the greatest common factor of 12 and n.
12
Let x(j) = 27*j - j**3 - 21*j**2 + 8*j**2 - 26*j + 15 + 13*j. Let d be x(-14). Calculate the greatest common factor of d and 15.
15
Let n = 197 - 352. Let s = n + 246. What is the greatest common factor of 13 and s?
13
Suppose 5*u - 3 = 27. Let c = 1 + u. Calculate the greatest common divisor of c and 77.
7
Let s be (76/8)/((-2)/(-28)). Let i = -24 + 43. Calculate the greatest common factor of i and s.
19
Let x be (-18)/(-3) - (-1504 - (-5 - -7)). What is the greatest common factor of 56 and x?
56
Let x(f) = f**3 + 22*f**2 - 106*f + 32. Let m be x(-26). What is the greatest common divisor of 12 and m?
12
Let d be 48 - (2 + 2 + -1). Calculate the greatest common divisor of 162 and d.
9
Suppose 4*w = t + 4*t - 2874, 1 = -w. Suppose -185 - t = -3*v. What is the greatest common factor of 23 and v?
23
Let m = 28 - 34. Let r be 105/18 - (0 + 1/m). What is the greatest common divisor of r and 150?
6
Let j = -151 - -233. Let d = -65 + j. Suppose 4*x - z - 50 - 18 = 0, 0 = -2*z. What is the highest common factor of d and x?
17
Let x be -5 - 2*(-162)/4*3. What is the highest common divisor of x and 51?
17
Let h be 1/(4/(-284)) - 1. Let m be (75/20)/((9/(-3))/h). What is the greatest common factor of m and 18?
18
Suppose 0 = -4*m + 37 - 33. Let r = 5 - 3. Suppose -3*b + r*b = -1. Calculate the highest common factor of b and m.
1
Suppose -5*h = -4*u - 614, 2*u - 512 = -5*h + h. What is the highest common factor of h and 72?
18
Let s be -108*28/63*6/(-4). What is the highest common divisor of 27 and s?
9
Suppose 20*d + 2*n + 40 = 24*d, -d + 7 = -2*n. Calculate the highest common divisor of d and 1529.
11
Let k = 930 + -925. Calculate the highest common factor of 120 and k.
5
Let i be 44/10 + 2/(-5). Let s(y) be the first derivative of y**4/2 - 2*y**3 + y**2 - 2. Let z be s(i). Calculate the greatest common factor of z and 100.
20
Let p be 3/(2 - -1)*44. Let q(u) be the third derivative of -u**5/60 - u**4/6 + u**3/6 + 6*u**2. Let o be q(-3). What is the highest common divisor of p and o?
4
Let p(j) = 3*j**2 + 2*j - 2. Let n be p(-4). Suppose -92*r + 101*r - 855 = 0. What is the highest common divisor of r and n?
19
Let q(s) = -s**2 - 14*s + 30. Let i be q(-9). Calculate the highest common factor of 25 and i.
25
Suppose -3*c + 3*d + 23 = -2*c, 5*d = 5*c - 65. Suppose 4*t - 3*t = 12. Let z be 4/6 - (-280)/t. What is the greatest common divisor of z and c?
8
Let d = -9 + 13. Let v be 0/((-8)/2 - -3). Suppose v = d*n + 3*y - 374, -3*y + 12 + 77 = n. Calculate the highest common divisor of 38 and n.
19
Let k(b) = 15*b**3 + b**2 - 2. Let d be k(1). Calculate the highest common factor of 70 and d.
14
Suppose -b - j = 128, 0*j = -4*b + 3*j - 491. Let m = b + 216. Let r = -153 + 166. Calculate the greatest common divisor of r and m.
13
Suppose 5*p + o - 323 = 0, -4*o - 203 = 2*p - 5*p. Let m be (-52)/(2/(-12) - (-88)/(-48)). What is the greatest common divisor of p and m?
13
Let x = 122 - 63. Let g = x - 24. Calculate the highest common divisor of 7 and g.
7
Let h be -66 + 0 + -1 + (-8)/(-4). Let n = -39 - h. What is the greatest common divisor of 234 and n?
26
Suppose 3*c = 3*f - 57, 3*c - 17 = -f - 6. Calculate the highest common factor of f and 1003.
17
Let s = -191 - -239. Calculate the greatest common factor of s and 336.
48
Let s(d) = -d**2 + 19*d + 1. Let i be s(19). Let x be i/(-2) - (-343)/14. What is the highest common factor of 3 and x?
3
Suppo